{"id":796,"date":"2019-03-15T16:35:01","date_gmt":"2019-03-15T15:35:01","guid":{"rendered":"https:\/\/www.compagnie-komusin.com\/?page_id=796"},"modified":"2025-05-02T13:43:35","modified_gmt":"2025-05-02T11:43:35","slug":"la-ligne-interieure","status":"publish","type":"page","link":"https:\/\/www.compagnie-komusin.com\/index.php\/la-ligne-interieure\/","title":{"rendered":"La ligne int\u00e9rieure"},"content":{"rendered":"<section  class=\"section no\"><div class=\"row\"><div class=\"wpb_column col-md-12 have-padding\"><\/div><div class=\"item-padd-mob section-text text-block \" ><div class=\"simple-text md\"><h1><span style=\"color: #800000\"><strong><span class=\"OYPEnA text-decoration-none text-strikethrough-none\"><br \/>\n<a href=\"https:\/\/www.compagnie-komusin.com\/wp-content\/uploads\/2024\/04\/Capture-decran-2024-04-27-a-16.40.28.png\"><img class=\"aligncenter wp-image-3517\" src=\"https:\/\/www.compagnie-komusin.com\/wp-content\/uploads\/2024\/04\/Capture-decran-2024-04-27-a-16.40.28.png\" alt=\"\" width=\"1920\" height=\"1069\" \/><\/a><a href=\"https:\/\/www.compagnie-komusin.com\/wp-content\/uploads\/2025\/05\/Presentation-Projet-Entreprise-Minimaliste-Moderne-Sobre-Blanc-Noir.png\"><img class=\"aligncenter size-full wp-image-3784\" src=\"https:\/\/www.compagnie-komusin.com\/wp-content\/uploads\/2025\/05\/Presentation-Projet-Entreprise-Minimaliste-Moderne-Sobre-Blanc-Noir.png\" alt=\"\" width=\"1500\" height=\"843\" \/><\/a><a href=\"https:\/\/www.compagnie-komusin.com\/wp-content\/uploads\/2025\/05\/Presentation-Projet-Entreprise-Minimaliste-Moderne-Sobre-Blanc-Noir-13.png\"><br \/>\n<img class=\"aligncenter size-full wp-image-3780\" src=\"https:\/\/www.compagnie-komusin.com\/wp-content\/uploads\/2025\/05\/Presentation-Projet-Entreprise-Minimaliste-Moderne-Sobre-Blanc-Noir-13.png\" alt=\"\" width=\"1500\" height=\"843\" \/><\/a><\/span><\/strong><\/span><\/h1>\n<h1><a href=\"https:\/\/www.compagnie-komusin.com\/wp-content\/uploads\/2024\/03\/extrait.png\"><img class=\"aligncenter wp-image-3498 size-full\" src=\"https:\/\/www.compagnie-komusin.com\/wp-content\/uploads\/2024\/03\/extrait.png\" alt=\"\" width=\"1920\" height=\"1080\" \/><\/a><\/h1>\n<\/div><\/div><div class=\"item-padd-mob section-text text-block \" ><div class=\"simple-text md\"><h1><\/h1>\n<p>&nbsp;<\/p>\n<p>&nbsp;<\/p>\n<\/div><\/div><div class=\"item-padd-mob section-text text-block \" ><div class=\"simple-text md\"><\/div><\/div><\/div><\/section><div class=\"wpb_column col-md-12 have-padding\"><div  class=\"empty-space  marg-lg-b30\"><\/div><div  class=\"empty-space  marg-lg-b30\"><\/div><div  class=\"empty-space  marg-lg-b30\"><\/div><\/div><div class=\"wpb_column col-md-12 have-padding\"><\/div><section  class=\"section no\"><div class=\"row\"><div class=\"wpb_column col-md-12 have-padding\"><\/div><\/div><\/section><section  class=\"section no\"><div class=\"row\"><div class=\"wpb_column col-md-12 have-padding\"><div class=\"item-padd-mob section-text text-block \" ><div class=\"simple-text md\"><p><a href=\"https:\/\/www.compagnie-komusin.com\/wp-content\/uploads\/2022\/12\/Capture-de\u0301cran-2022-12-21-a\u0300-15.49.15.png\"><img class=\"aligncenter size-full wp-image-3254\" src=\"https:\/\/www.compagnie-komusin.com\/wp-content\/uploads\/2022\/12\/Capture-de\u0301cran-2022-12-21-a\u0300-15.49.15.png\" alt=\"\" width=\"1002\" height=\"298\" \/><\/a><\/p>\n<\/div><\/div><\/div><\/div><\/section><section  class=\"section no\"><div class=\"row\"><div class=\"wpb_column col-md-12 have-padding\"><div  class=\"empty-space  marg-lg-b50\"><\/div><\/div><\/div><\/section><section  class=\"section no\"><div class=\"row\"><div class=\"wpb_column col-md-12 have-padding\"><\/div><\/div><\/section>\n","protected":false},"excerpt":{"rendered":"&nbsp; &nbsp;","protected":false},"author":2,"featured_media":3281,"parent":0,"menu_order":0,"comment_status":"closed","ping_status":"closed","template":"","meta":{"footnotes":""},"yoast_head":"<!-- This site is optimized with the Yoast SEO plugin v21.5 - https:\/\/yoast.com\/wordpress\/plugins\/seo\/ -->\n<title>La ligne int\u00e9rieure &#8226; Compagnie Komusin<\/title>\n<meta name=\"robots\" content=\"index, follow, max-snippet:-1, max-image-preview:large, max-video-preview:-1\" \/>\n<link rel=\"canonical\" href=\"https:\/\/www.compagnie-komusin.com\/index.php\/la-ligne-interieure\/\" \/>\n<meta property=\"og:locale\" content=\"fr_FR\" \/>\n<meta property=\"og:type\" content=\"article\" \/>\n<meta property=\"og:title\" content=\"La ligne int\u00e9rieure &#8226; Compagnie Komusin\" \/>\n<meta property=\"og:url\" content=\"https:\/\/www.compagnie-komusin.com\/index.php\/la-ligne-interieure\/\" \/>\n<meta property=\"og:site_name\" content=\"Compagnie Komusin\" \/>\n<meta property=\"article:publisher\" content=\"https:\/\/www.facebook.com\/komusin\/\" \/>\n<meta property=\"article:modified_time\" content=\"2025-05-02T11:43:35+00:00\" \/>\n<meta property=\"og:image\" content=\"https:\/\/www.compagnie-komusin.com\/wp-content\/uploads\/2023\/04\/Contour.GROUPE.LABO_.1-scaled.jpg\" \/>\n\t<meta property=\"og:image:width\" content=\"2560\" \/>\n\t<meta property=\"og:image:height\" content=\"1707\" \/>\n\t<meta property=\"og:image:type\" content=\"image\/jpeg\" \/>\n<meta name=\"twitter:card\" content=\"summary_large_image\" \/>\n<meta name=\"twitter:label1\" content=\"Dur\u00e9e de lecture estim\u00e9e\" \/>\n\t<meta name=\"twitter:data1\" content=\"2 minutes\" \/>\n<script type=\"application\/ld+json\" class=\"yoast-schema-graph\">{\"@context\":\"https:\/\/schema.org\",\"@graph\":[{\"@type\":\"WebPage\",\"@id\":\"https:\/\/www.compagnie-komusin.com\/index.php\/la-ligne-interieure\/\",\"url\":\"https:\/\/www.compagnie-komusin.com\/index.php\/la-ligne-interieure\/\",\"name\":\"La ligne int\u00e9rieure &#8226; Compagnie Komusin\",\"isPartOf\":{\"@id\":\"https:\/\/www.compagnie-komusin.com\/#website\"},\"datePublished\":\"2019-03-15T15:35:01+00:00\",\"dateModified\":\"2025-05-02T11:43:35+00:00\",\"breadcrumb\":{\"@id\":\"https:\/\/www.compagnie-komusin.com\/index.php\/la-ligne-interieure\/#breadcrumb\"},\"inLanguage\":\"fr-FR\",\"potentialAction\":[{\"@type\":\"ReadAction\",\"target\":[\"https:\/\/www.compagnie-komusin.com\/index.php\/la-ligne-interieure\/\"]}]},{\"@type\":\"BreadcrumbList\",\"@id\":\"https:\/\/www.compagnie-komusin.com\/index.php\/la-ligne-interieure\/#breadcrumb\",\"itemListElement\":[{\"@type\":\"ListItem\",\"position\":1,\"name\":\"Accueil\",\"item\":\"https:\/\/www.compagnie-komusin.com\/\"},{\"@type\":\"ListItem\",\"position\":2,\"name\":\"La ligne int\u00e9rieure\"}]},{\"@type\":\"WebSite\",\"@id\":\"https:\/\/www.compagnie-komusin.com\/#website\",\"url\":\"https:\/\/www.compagnie-komusin.com\/\",\"name\":\"Compagnie Komusin\",\"description\":\"Fond\u00e9e en 2009, la Compagnie Komusin produit des cr\u00e9ations chor\u00e9graphiques avec la chor\u00e9graphe et danseuse Eun-young Lee.\",\"publisher\":{\"@id\":\"https:\/\/www.compagnie-komusin.com\/#organization\"},\"potentialAction\":[{\"@type\":\"SearchAction\",\"target\":{\"@type\":\"EntryPoint\",\"urlTemplate\":\"https:\/\/www.compagnie-komusin.com\/?s={search_term_string}\"},\"query-input\":\"required name=search_term_string\"}],\"inLanguage\":\"fr-FR\"},{\"@type\":\"Organization\",\"@id\":\"https:\/\/www.compagnie-komusin.com\/#organization\",\"name\":\"Compagnie Komusin\",\"url\":\"https:\/\/www.compagnie-komusin.com\/\",\"logo\":{\"@type\":\"ImageObject\",\"inLanguage\":\"fr-FR\",\"@id\":\"https:\/\/www.compagnie-komusin.com\/#\/schema\/logo\/image\/\",\"url\":\"https:\/\/www.compagnie-komusin.com\/wp-content\/uploads\/2019\/03\/KOMUSIN-LOGO-handwriting--e1552319840933.png\",\"contentUrl\":\"https:\/\/www.compagnie-komusin.com\/wp-content\/uploads\/2019\/03\/KOMUSIN-LOGO-handwriting--e1552319840933.png\",\"width\":600,\"height\":147,\"caption\":\"Compagnie Komusin\"},\"image\":{\"@id\":\"https:\/\/www.compagnie-komusin.com\/#\/schema\/logo\/image\/\"},\"sameAs\":[\"https:\/\/www.facebook.com\/komusin\/\"]}]}<\/script>\n<!-- \/ Yoast SEO plugin. -->","yoast_head_json":{"title":"La ligne int\u00e9rieure &#8226; Compagnie Komusin","robots":{"index":"index","follow":"follow","max-snippet":"max-snippet:-1","max-image-preview":"max-image-preview:large","max-video-preview":"max-video-preview:-1"},"canonical":"https:\/\/www.compagnie-komusin.com\/index.php\/la-ligne-interieure\/","og_locale":"fr_FR","og_type":"article","og_title":"La ligne int\u00e9rieure &#8226; Compagnie Komusin","og_url":"https:\/\/www.compagnie-komusin.com\/index.php\/la-ligne-interieure\/","og_site_name":"Compagnie Komusin","article_publisher":"https:\/\/www.facebook.com\/komusin\/","article_modified_time":"2025-05-02T11:43:35+00:00","og_image":[{"width":2560,"height":1707,"url":"https:\/\/www.compagnie-komusin.com\/wp-content\/uploads\/2023\/04\/Contour.GROUPE.LABO_.1-scaled.jpg","type":"image\/jpeg"}],"twitter_card":"summary_large_image","twitter_misc":{"Dur\u00e9e de lecture estim\u00e9e":"2 minutes"},"schema":{"@context":"https:\/\/schema.org","@graph":[{"@type":"WebPage","@id":"https:\/\/www.compagnie-komusin.com\/index.php\/la-ligne-interieure\/","url":"https:\/\/www.compagnie-komusin.com\/index.php\/la-ligne-interieure\/","name":"La ligne int\u00e9rieure &#8226; Compagnie Komusin","isPartOf":{"@id":"https:\/\/www.compagnie-komusin.com\/#website"},"datePublished":"2019-03-15T15:35:01+00:00","dateModified":"2025-05-02T11:43:35+00:00","breadcrumb":{"@id":"https:\/\/www.compagnie-komusin.com\/index.php\/la-ligne-interieure\/#breadcrumb"},"inLanguage":"fr-FR","potentialAction":[{"@type":"ReadAction","target":["https:\/\/www.compagnie-komusin.com\/index.php\/la-ligne-interieure\/"]}]},{"@type":"BreadcrumbList","@id":"https:\/\/www.compagnie-komusin.com\/index.php\/la-ligne-interieure\/#breadcrumb","itemListElement":[{"@type":"ListItem","position":1,"name":"Accueil","item":"https:\/\/www.compagnie-komusin.com\/"},{"@type":"ListItem","position":2,"name":"La ligne int\u00e9rieure"}]},{"@type":"WebSite","@id":"https:\/\/www.compagnie-komusin.com\/#website","url":"https:\/\/www.compagnie-komusin.com\/","name":"Compagnie Komusin","description":"Fond\u00e9e en 2009, la Compagnie Komusin produit des cr\u00e9ations chor\u00e9graphiques avec la chor\u00e9graphe et danseuse Eun-young Lee.","publisher":{"@id":"https:\/\/www.compagnie-komusin.com\/#organization"},"potentialAction":[{"@type":"SearchAction","target":{"@type":"EntryPoint","urlTemplate":"https:\/\/www.compagnie-komusin.com\/?s={search_term_string}"},"query-input":"required name=search_term_string"}],"inLanguage":"fr-FR"},{"@type":"Organization","@id":"https:\/\/www.compagnie-komusin.com\/#organization","name":"Compagnie Komusin","url":"https:\/\/www.compagnie-komusin.com\/","logo":{"@type":"ImageObject","inLanguage":"fr-FR","@id":"https:\/\/www.compagnie-komusin.com\/#\/schema\/logo\/image\/","url":"https:\/\/www.compagnie-komusin.com\/wp-content\/uploads\/2019\/03\/KOMUSIN-LOGO-handwriting--e1552319840933.png","contentUrl":"https:\/\/www.compagnie-komusin.com\/wp-content\/uploads\/2019\/03\/KOMUSIN-LOGO-handwriting--e1552319840933.png","width":600,"height":147,"caption":"Compagnie Komusin"},"image":{"@id":"https:\/\/www.compagnie-komusin.com\/#\/schema\/logo\/image\/"},"sameAs":["https:\/\/www.facebook.com\/komusin\/"]}]}},"_links":{"self":[{"href":"https:\/\/www.compagnie-komusin.com\/index.php\/wp-json\/wp\/v2\/pages\/796"}],"collection":[{"href":"https:\/\/www.compagnie-komusin.com\/index.php\/wp-json\/wp\/v2\/pages"}],"about":[{"href":"https:\/\/www.compagnie-komusin.com\/index.php\/wp-json\/wp\/v2\/types\/page"}],"author":[{"embeddable":true,"href":"https:\/\/www.compagnie-komusin.com\/index.php\/wp-json\/wp\/v2\/users\/2"}],"replies":[{"embeddable":true,"href":"https:\/\/www.compagnie-komusin.com\/index.php\/wp-json\/wp\/v2\/comments?post=796"}],"version-history":[{"count":165,"href":"https:\/\/www.compagnie-komusin.com\/index.php\/wp-json\/wp\/v2\/pages\/796\/revisions"}],"predecessor-version":[{"id":3786,"href":"https:\/\/www.compagnie-komusin.com\/index.php\/wp-json\/wp\/v2\/pages\/796\/revisions\/3786"}],"wp:featuredmedia":[{"embeddable":true,"href":"https:\/\/www.compagnie-komusin.com\/index.php\/wp-json\/wp\/v2\/media\/3281"}],"wp:attachment":[{"href":"https:\/\/www.compagnie-komusin.com\/index.php\/wp-json\/wp\/v2\/media?parent=796"}],"curies":[{"name":"wp","href":"https:\/\/api.w.org\/{rel}","templated":true}]}}